s digit of q?
1
What is the units digit of 83525/130 + 5/(-2)?
0
Let h(g) = -g**3 + 20*g**2 + 21*g + 11. What is the units digit of h(7)?
5
Suppose 5*m - 14 = 6*m + 3*a, 2*m - 3*a = -10. What is the tens digit of (-542)/(-14) - m/28?
3
Let j(w) = 10*w**2 + 12*w + 2. What is the hundreds digit of j(-7)?
4
Let k be -1 - (-1 + -2) - -19. Let h(c) = c - 24. Let x be h(19). What is the tens digit of -14*k/30*x?
4
Let h(d) = -d**2 - 4*d + 12. Let m be h(-6). Suppose m = 37*q - 33*q - 360. What is the tens digit of q?
9
Let l = -2 + 2. Suppose -3*z - 2*p - 14 = 2, l = p + 5. What is the units digit of -1 + z*84/(-8)?
0
Let n be (2 - 20/5)*-14. Let g(x) = x**3 - 28*x**2 + 3*x + 17. What is the hundreds digit of g(n)?
1
What is the tens digit of (92/(-2))/((130/20)/(-13))?
9
Suppose -279 = -0*q - 3*q. Let p be q/(-2)*(-4)/(-6). Let k = 34 - p. What is the tens digit of k?
6
Let z = 2456 - 1549. What is the hundreds digit of z?
9
Let t(q) = -187*q - 1. Let i be t(-1). Suppose -i = -5*d + 79. What is the units digit of d?
3
Suppose -s + m + 2*m = -10, 5*m = -2*s - 13. Let t be -3*26/(-6) - s. What is the units digit of (-4)/3*(-234)/t?
6
What is the hundreds digit of -2 + 6 - 6 - (-1978)/2?
9
Suppose 0 = -a, -20 = -4*m - a - 2*a. Suppose -p + 269 + 237 = 5*v, m*p + 122 = v. Suppose -3*b + v = -0*b. What is the units digit of b?
4
Let u = -921 + 1060. What is the hundreds digit of u?
1
Suppose -2 - 6 = -3*c - 5*n, 0 = 2*c + 5*n - 7. What is the units digit of 317/5 - c - (-34)/(-85)?
2
Let x(m) = m**2 - 6*m - 5. Let w be x(6). Let n be ((-31)/3)/(1/9). What is the tens digit of n/w - (-2)/5?
1
Suppose 5*r - 5 - 45 = 0. Suppose 5*w = -17 - 3, -2*z = -w - r. Suppose -4*d = 3*j - 31 + z, -4*j + 42 = 3*d. What is the units digit of j?
2
Let p(z) = -z**2 - 3*z. Let a be p(-7). Let k = 65 + a. What is the units digit of k?
7
Suppose 4*f = -22 + 6, 0 = -2*y - 4*f + 10. Suppose s + 540 = y*s. What is the tens digit of s?
4
Let m be 2/(-4) - 9334/(-52). Suppose 0 = 2*f - 0*f + 3*n - m, -5*n = -f + 122. What is the tens digit of f?
9
Suppose z = 4*a - 1955 - 12806, 14731 = 4*a + 5*z. What is the hundreds digit of a?
6
Let l = -8 - -16. Let u be 2*4/16*l. Suppose 0 = -2*x + 8, x + 12 = -0*f + u*f. What is the units digit of f?
4
Suppose -4 = -b + 4. Let v = b + -10. What is the units digit of 2/1 + (v - -8)?
8
Let h = 288 + 177. What is the tens digit of h?
6
Suppose 2*h + 17 = -2*d - 3*d, -3*h - 2*d + 2 = 0. Let l(u) = -u + 7. Let x be l(h). Suppose 0 = -j + x*j - 78. What is the units digit of j?
9
Let p(z) = z**2 - 10*z + 30. Let c be p(6). Suppose c*m - 48 = -2*m. What is the units digit of m?
6
Let j(q) = 4*q + 30. Let l be j(-7). Suppose -l*n - 131 = -413. What is the units digit of n?
1
Let v be 2 + -337 - -1*1. Let r be (-10)/(-40) - v/8. Suppose -5*c + r = -2*c. What is the tens digit of c?
1
Let o = 70 - 34. What is the units digit of 44/o + (-2)/9 + 115?
6
Let d be (192/(-6))/(5/(-120)). Suppose 207 = n - 4*r, -4*n + d = -0*n + 4*r. What is the tens digit of n?
9
Suppose -19175 = -22*f - 3*f. What is the units digit of f?
7
Let v(k) = 120*k - 241. What is the hundreds digit of v(11)?
0
Let p be 12/((-4)/(-16)*6). Suppose 0 + p = 2*j. What is the units digit of j?
4
Let i(c) = 8*c + 4. Let q be i(2). Suppose 3*k + 8 - 24 = 4*u, k - 5*u = q. Suppose 2*z - 25 = -k*f - f, 0 = -3*f + 15. What is the units digit of z?
0
Let z(l) = 71*l - 4. Let a be z(4). Suppose a = 4*y + y. Suppose -d = -5*t + 185, 0*d + y = t - 4*d. What is the tens digit of t?
3
Let m = -464 + 318. Let p = m + 326. What is the units digit of p?
0
Let h = -219 + 529. What is the units digit of h?
0
Let z be 10/50 + 552/15. Let v(i) = i**2 + i + 212. Let x be v(0). Suppose x = 5*m + z. What is the tens digit of m?
3
Let n(q) be the third derivative of -q**6/120 - q**5/60 + q**4/24 + 3*q**3/2 + 13*q**2. What is the units digit of n(0)?
9
Suppose -8*d + 11*d + 3194 = 5*n, -2*n - d + 1271 = 0. What is the hundreds digit of n?
6
Let t(k) = -k**3 - 3*k**2 - k - 1. What is the tens digit of t(-5)?
5
Suppose 5*z = -3*z. Suppose -4*w + 247 = u, z*u + 215 = u - 4*w. What is the tens digit of u?
3
Let x be (-1)/(-3 - 1) - 375/(-100). What is the units digit of 2/(-9) - (x + 2164/(-18))?
6
Let c = 2 - -2. Suppose -2*m - c*b = -16 - 4, -4*m - 5*b + 25 = 0. Suppose 5*y - 16 = -5*z - 1, m = 4*z + y - 6. What is the units digit of z?
1
Suppose -2*k + 14 = 2*h, 6*h - 41 = h + k. Suppose 10*p = h*p + 96. What is the tens digit of p?
4
Let f(v) = 5*v**2 - 3*v + 2. Let k be f(1). Let b(j) = -j + 9. Let z be b(k). Suppose -5*d + 3*x = -53, -z*x + 22 = 3*d - 3. What is the tens digit of d?
1
Let g(v) = -29*v**2 - v - 5. Let s(f) = -f**2. Let k(j) = -g(j) + 5*s(j). What is the tens digit of k(-2)?
9
Let n = 1235 - -12. What is the units digit of n?
7
Suppose -4*m + 2 = 114. Let f = m - -32. What is the units digit of f?
4
Let q(z) = 7*z**2 + 18*z - 62. What is the units digit of q(-14)?
8
Let p(v) = -v**2 + 10*v - 9. Let o be p(9). Suppose -4*u + 243 + 13 = o. What is the units digit of u?
4
Let b = -12 - -82. Let r = b + -61. What is the units digit of r?
9
Let p be (5/10)/(1/10). Suppose 3*z = p*z - 122. What is the tens digit of z?
6
Let v(i) = -2*i**2 + 2*i + 2. Let m be v(2). Let c be 2 - 1/m*26. Suppose -b + c = -0*t + 3*t, -b + 21 = t. What is the tens digit of b?
2
Let d(z) = 19*z + 0*z**2 - 9*z + 5 + z**2 + 5*z. What is the tens digit of d(-16)?
2
Let s(t) = t**3 + 18 + 1 + 0*t**2 - 13*t**2 + 2*t + 0*t**3. Suppose 20*k - 26 = 18*k. What is the tens digit of s(k)?
4
Let f = -329 + 667. Let h = f - 239. What is the units digit of h?
9
Let y = 3819 - -1110. What is the thousands digit of y?
4
What is the units digit of 21 + -23 + 1 + (-4 - -4695)?
0
Let f = 603 + 194. What is the units digit of f?
7
Let n(k) = 33*k**2 - 3*k - 34. What is the hundreds digit of n(9)?
6
What is the thousands digit of (-4872 - -8)/(-1) - 0?
4
Suppose -g + k + 42 = -23, 2*k - 150 = -2*g. Suppose -h - 137 = -2*m + 2*h, m - h - g = 0. What is the units digit of m?
3
What is the thousands digit of (-168)/(-126)*12954/8?
2
Let o(a) = a**2 + a + 35. Let y = 4 - 4. What is the tens digit of o(y)?
3
Suppose 0 = 8*p - 10*p - 6, 0 = 3*h + 4*p - 4935. What is the thousands digit of h?
1
What is the units digit of 847/14*10 - -2?
7
Let c(f) = -15*f**3 + 4*f**2 + 11*f + 23. What is the hundreds digit of c(-4)?
0
Suppose 0 = 5*g + 2*j - 148, -g - 2*j + 36 = -0*g. Suppose 0*y - 41 = -3*y + 2*m, m = 2*y - g. What is the units digit of y?
5
Suppose 13*g - 2464 = 773. Suppose u + g = 4*l, 3*l - 7*u + 3*u - 190 = 0. What is the units digit of l?
2
Let k = -437 + 1357. Suppose -o - 3*w = -198 + 26, -5*o + 5*w = -k. What is the tens digit of o?
8
Let c(v) = -15*v - 2. Let t(g) = 29*g + 4. Let k(x) = -5*c(x) - 2*t(x). What is the units digit of k(3)?
3
Let y(z) = 3*z - 12. Suppose 3*o = 5*x + 44, -2*x + 58 = -o + 4*o. What is the units digit of y(o)?
2
Suppose 0 = 41*g + 11848 - 130994. What is the units digit of g?
6
Suppose -5*b + 31 = 2*d - 0*d, 5*d - 3*b - 31 = 0. Let w(x) = -x + 17. What is the units digit of w(d)?
9
Let a(u) = -u**2 + 39*u + 41. What is the units digit of a(19)?
1
Let q(t) = -2*t + 4. Let g be q(6). Let z be (-500)/(-14) + g/(-28). Let c = z + -21. What is the units digit of c?
5
Let f = -1104 + 4532. What is the hundreds digit of f?
4
Let g(y) = y**2 - 8*y + 12. Let s be g(6). Suppose -134 = -2*b - s*b. What is the units digit of b?
7
Let a = 1271 + -635. What is the hundreds digit of a?
6
Let c(r) = -r**3 - r**2 + 41*r + 1. What is the thousands digit of c(-12)?
1
Let z = 99 + 57. Suppose 3*l + l = 2*c - z, 5*c = 4*l + 378. What is the tens digit of c?
7
Suppose -2*v = 2, 5*v = -z - 15 + 274. What is the units digit of z?
4
Let q be (5 + 0)*(-24)/(-30). Suppose q*g - 212 - 148 = 0. What is the units digit of g?
0
Let o = 3667 - 527. What is the thousands digit of o?
3
Let i = -47 + 83. Let k(r) = 7*r**3 + 3*r**2 - 9*r + 8. Let h be k(1). What is the units digit of (-47)/(-4) + h/i?
2
Let i(c) = -c**2 - 14*c - 13. Let z = -19 - -19. Let k = -6 + z. What is the tens digit of i(k)?
3
Let t(o) = o**3 - 11*o**2 - o + 11. Let v be t(11). Suppose 0 = 6*q - 12 - v. Suppose -3*j - 138 = -q*g, -4*j + 2*j - 70 = -g. What is the ten